{"id":97,"date":"2023-01-25T15:03:20","date_gmt":"2023-01-25T13:03:20","guid":{"rendered":"http:\/\/murrosareena.fi\/lahioareena\/?page_id=97"},"modified":"2023-10-12T15:56:51","modified_gmt":"2023-10-12T12:56:51","slug":"mita-seuraavaksi","status":"publish","type":"page","link":"https:\/\/murrosareena.fi\/lahioareena\/mita-seuraavaksi\/","title":{"rendered":"Mit\u00e4 seuraavaksi?"},"content":{"rendered":"<p>Kiitos kommentoinnista! T\u00e4m\u00e4 on arvokasta tutkimuksemme jatkovaiheille, Helsingin l\u00e4hi\u00f6iden kehitt\u00e4miselle sek\u00e4 Suomen rakennetun ymp\u00e4rist\u00f6n ohjaukselle.<\/p>\n<p>T\u00e4ss\u00e4 hy\u00f6dyllisi\u00e4 linkkej\u00e4<br \/>\n&#8211; <a href=\"https:\/\/www.hel.fi\/fi\/paatoksenteko-ja-hallinto\/taloyhtioiden-energianeuvonta\">Helsingin taloyhti\u00f6iden energianeuvonta<\/a><br \/>\n&#8211; <a href=\"https:\/\/decarbonhome.fi\/\">Decarbon-Home -hanke<\/a><br \/>\n&#8211; <a href=\"https:\/\/www.syke.fi\/fi-FI\/Tutkimus__kehittaminen\/Tutkimus_ja_kehittamishankkeet\/Hankkeet\/DigiDecarbon\/DigiDecarbon(65814)\">DigiDecarbon &#8211; syke.fi<\/a><br \/>\n&#8211; <a href=\"http:\/\/www.murrosareena.fi\">Murrosareenamenetelm\u00e4 \u2013 lue lis\u00e4\u00e4<\/a><\/p>\n","protected":false},"excerpt":{"rendered":"<p>Kiitos kommentoinnista! T\u00e4m\u00e4 on arvokasta tutkimuksemme jatkovaiheille, Helsingin l\u00e4hi\u00f6iden kehitt\u00e4miselle sek\u00e4 Suomen rakennetun ymp\u00e4rist\u00f6n ohjaukselle. T\u00e4ss\u00e4 hy\u00f6dyllisi\u00e4 linkkej\u00e4 &#8211; Helsingin taloyhti\u00f6iden energianeuvonta &#8211; Decarbon-Home -hanke &#8211; DigiDecarbon &#8211; syke.fi &#8211; Murrosareenamenetelm\u00e4 \u2013 lue lis\u00e4\u00e4<\/p>\n","protected":false},"author":10,"featured_media":0,"parent":0,"menu_order":0,"comment_status":"closed","ping_status":"closed","template":"","meta":{"_acf_changed":false,"footnotes":""},"class_list":["post-97","page","type-page","status-publish","hentry"],"acf":[],"_links":{"self":[{"href":"https:\/\/murrosareena.fi\/lahioareena\/wp-json\/wp\/v2\/pages\/97","targetHints":{"allow":["GET"]}}],"collection":[{"href":"https:\/\/murrosareena.fi\/lahioareena\/wp-json\/wp\/v2\/pages"}],"about":[{"href":"https:\/\/murrosareena.fi\/lahioareena\/wp-json\/wp\/v2\/types\/page"}],"author":[{"embeddable":true,"href":"https:\/\/murrosareena.fi\/lahioareena\/wp-json\/wp\/v2\/users\/10"}],"replies":[{"embeddable":true,"href":"https:\/\/murrosareena.fi\/lahioareena\/wp-json\/wp\/v2\/comments?post=97"}],"version-history":[{"count":17,"href":"https:\/\/murrosareena.fi\/lahioareena\/wp-json\/wp\/v2\/pages\/97\/revisions"}],"predecessor-version":[{"id":216,"href":"https:\/\/murrosareena.fi\/lahioareena\/wp-json\/wp\/v2\/pages\/97\/revisions\/216"}],"wp:attachment":[{"href":"https:\/\/murrosareena.fi\/lahioareena\/wp-json\/wp\/v2\/media?parent=97"}],"curies":[{"name":"wp","href":"https:\/\/api.w.org\/{rel}","templated":true}]}}