{"id":31,"date":"2023-01-25T14:05:22","date_gmt":"2023-01-25T12:05:22","guid":{"rendered":"http:\/\/murrosareena.fi\/lahioareena\/?page_id=31"},"modified":"2023-10-12T15:47:14","modified_gmt":"2023-10-12T12:47:14","slug":"kysymys-4","status":"publish","type":"page","link":"https:\/\/murrosareena.fi\/lahioareena\/kysymys-4\/","title":{"rendered":"2b. Politiikan muutospolku"},"content":{"rendered":"<p><strong>Videolla<\/strong> kerrotaan tarkemmin muutospolun askelista ja <strong>kuvan<\/strong> avulla voit zoomata l\u00e4hemm\u00e4s yksitt\u00e4isiin &#8221;muutosaskeliin&#8221;. Sivun alareunasta l\u00f6yd\u00e4t kommentti-ikkunan.<\/p>\n<ul>\n<li><span style=\"font-weight: 400;\">Haluatko kommentoida muutospolulla ehdotettuja askelia?<\/span><\/li>\n<li><span style=\"font-weight: 400;\">Ehdota my\u00f6s omia tarkennuksia tai lis\u00e4yksi\u00e4 ilmastoviisaiksi arjen ratkaisuiksi!<\/span><\/li>\n<\/ul>\n<p>Politiikan muutospolulla k\u00e4sitell\u00e4\u00e4n viitt\u00e4 muutosaskelta, joiden my\u00f6t\u00e4 energiaremonteista ja l\u00e4hi\u00f6iden kest\u00e4vist\u00e4 energiaratkaisuista ovat valtavirtaa vuonna 2030. Polku alkaa t\u00e4m\u00e4n p\u00e4iv\u00e4n faktojen, kokeilujen ja haasteiden k\u00e4sittelyll\u00e4 ja kansallisen politiikan sek\u00e4 kaupunkien maank\u00e4yt\u00f6n ohjauksen merkityst\u00e4 v\u00e4h\u00e4hiilisten l\u00e4hi\u00f6iden rakentamisessa. Jokainen askelkokonaisuus pit\u00e4\u00e4 sis\u00e4ll\u00e4\u00e4n my\u00f6s konkreettisia ratkaisuja, joilla muutosta voidaan edist\u00e4\u00e4. Kuuntele p\u00e4\u00e4vaiheet alla olevalta videolta ja perehdy tarkempaan polkukuvaan alla olevassa tiedostossa.<\/p>\n<div style=\"padding: 75% 0 0 0; position: relative;\"><iframe style=\"position: absolute; top: 0; left: 0; width: 100%; height: 100%;\" title=\"Polku 2.mp4\" src=\"https:\/\/player.vimeo.com\/video\/808228862?h=ba84be5718&amp;badge=0&amp;autopause=0&amp;player_id=0&amp;app_id=58479\" frameborder=\"0\" allowfullscreen=\"allowfullscreen\"><\/iframe><\/div>\n<p><script src=\"https:\/\/player.vimeo.com\/api\/player.js\"><\/script><\/p>\n<p><span style=\"font-weight: 400;\">P\u00e4\u00e4set t\u00e4m\u00e4n linkin avulla tarkastelemaan muutospolulle ehdotettuja askelia ja toimia: <a href=\"https:\/\/murrosareena.fi\/lahioareena\/wp-content\/uploads\/sites\/7\/2023\/03\/Polkukuva-pysty-Politiikkapolku.pdf\">Politiikkapolku (PDF)<\/a>. <\/span>PDF-tiedostoa pystyy alla katselemaan ja zoomaamaan suoraan, ja sen voi my\u00f6s ladata omalle koneelle.<\/p>\n<a href=\"https:\/\/murrosareena.fi\/lahioareena\/wp-content\/uploads\/sites\/7\/2023\/03\/Polkukuva-pysty-Politiikkapolku.pdf\" class=\"pdfemb-viewer\" style=\"\" data-width=\"max\" data-height=\"max\" data-toolbar=\"bottom\" data-toolbar-fixed=\"off\">Polkukuva pysty - Politiikkapolku<\/a>\n<p>&nbsp;<\/p>\n<p><a href=\"https:\/\/murrosareena.fi\/lahioareena\/mita-seuraavaksi\/\">Seuraava sivu<\/a><\/p>\n","protected":false},"excerpt":{"rendered":"<p>Videolla kerrotaan tarkemmin muutospolun askelista ja kuvan avulla voit zoomata l\u00e4hemm\u00e4s yksitt\u00e4isiin &#8221;muutosaskeliin&#8221;. Sivun alareunasta l\u00f6yd\u00e4t kommentti-ikkunan. Haluatko kommentoida muutospolulla ehdotettuja askelia? Ehdota my\u00f6s omia tarkennuksia tai lis\u00e4yksi\u00e4 ilmastoviisaiksi arjen ratkaisuiksi! Politiikan muutospolulla k\u00e4sitell\u00e4\u00e4n viitt\u00e4 muutosaskelta, joiden my\u00f6t\u00e4 energiaremonteista ja l\u00e4hi\u00f6iden kest\u00e4vist\u00e4 energiaratkaisuista ovat valtavirtaa vuonna 2030. Polku alkaa t\u00e4m\u00e4n p\u00e4iv\u00e4n faktojen, kokeilujen ja haasteiden &hellip; <\/p>\n<p class=\"link-more\"><a href=\"https:\/\/murrosareena.fi\/lahioareena\/kysymys-4\/\" class=\"more-link\">Jatka lukemista<span class=\"screen-reader-text\"> &#8221;2b. Politiikan muutospolku&#8221;<\/span><\/a><\/p>\n","protected":false},"author":7,"featured_media":0,"parent":0,"menu_order":5,"comment_status":"open","ping_status":"closed","template":"","meta":{"_acf_changed":false,"footnotes":""},"class_list":["post-31","page","type-page","status-publish","hentry"],"acf":[],"_links":{"self":[{"href":"https:\/\/murrosareena.fi\/lahioareena\/wp-json\/wp\/v2\/pages\/31","targetHints":{"allow":["GET"]}}],"collection":[{"href":"https:\/\/murrosareena.fi\/lahioareena\/wp-json\/wp\/v2\/pages"}],"about":[{"href":"https:\/\/murrosareena.fi\/lahioareena\/wp-json\/wp\/v2\/types\/page"}],"author":[{"embeddable":true,"href":"https:\/\/murrosareena.fi\/lahioareena\/wp-json\/wp\/v2\/users\/7"}],"replies":[{"embeddable":true,"href":"https:\/\/murrosareena.fi\/lahioareena\/wp-json\/wp\/v2\/comments?post=31"}],"version-history":[{"count":17,"href":"https:\/\/murrosareena.fi\/lahioareena\/wp-json\/wp\/v2\/pages\/31\/revisions"}],"predecessor-version":[{"id":208,"href":"https:\/\/murrosareena.fi\/lahioareena\/wp-json\/wp\/v2\/pages\/31\/revisions\/208"}],"wp:attachment":[{"href":"https:\/\/murrosareena.fi\/lahioareena\/wp-json\/wp\/v2\/media?parent=31"}],"curies":[{"name":"wp","href":"https:\/\/api.w.org\/{rel}","templated":true}]}}