{"id":16,"date":"2023-01-25T14:01:11","date_gmt":"2023-01-25T12:01:11","guid":{"rendered":"http:\/\/murrosareena.fi\/lahioareena\/?page_id=16"},"modified":"2023-10-12T15:47:30","modified_gmt":"2023-10-12T12:47:30","slug":"kysymys-1","status":"publish","type":"page","link":"https:\/\/murrosareena.fi\/lahioareena\/kysymys-1\/","title":{"rendered":"1a. V\u00e4h\u00e4hiilinen arki"},"content":{"rendered":"<p><strong>Videolla<\/strong> kerrotaan arjen muutospolun p\u00e4\u00e4viestit. Sivun alareunasta l\u00f6yd\u00e4t kommentti-ikkunan.<\/p>\n<ul>\n<li><span style=\"font-size: 1rem;\"><span style=\"font-weight: 400;\">Mik\u00e4 on n\u00e4kemyksesi polun p\u00e4\u00e4viesteist\u00e4?<\/span><\/span><\/li>\n<li><span style=\"font-size: 1rem;\"><span style=\"font-weight: 400;\">Onko jotain olennaista j\u00e4\u00e4nyt mielest\u00e4si huomaamatta?<\/span><\/span><\/li>\n<\/ul>\n<p>Ensimm\u00e4inen muutospolku k\u00e4sittelee arjen k\u00e4yt\u00e4nt\u00f6j\u00e4 ilmastoviisaan asumisen edist\u00e4misess\u00e4. Mellunkyl\u00e4n l\u00e4hi\u00f6 tarjoaa ilmastoviisaan arjen edist\u00e4miselle merkitt\u00e4v\u00e4n, mutta haastavan kontekstin.<\/p>\n<div style=\"padding:56.25% 0 0 0;position:relative;\"><iframe src=\"https:\/\/player.vimeo.com\/video\/834319835?badge=0&amp;autopause=0&amp;player_id=0&amp;app_id=58479\" frameborder=\"0\" allow=\"autoplay; fullscreen; picture-in-picture\" allowfullscreen style=\"position:absolute;top:0;left:0;width:100%;height:100%;\" title=\"V\u00e4h\u00e4hiilinen arki - MP4\"><\/iframe><\/div>\n<p><script src=\"https:\/\/player.vimeo.com\/api\/player.js\"><\/script><\/p>\n<p>&nbsp;<\/p>\n<p><a href=\"https:\/\/murrosareena.fi\/lahioareena\/kysymys-2\/\">Seuraava sivu<\/a><\/p>\n<p>&nbsp;<\/p>\n","protected":false},"excerpt":{"rendered":"<p>Videolla kerrotaan arjen muutospolun p\u00e4\u00e4viestit. Sivun alareunasta l\u00f6yd\u00e4t kommentti-ikkunan. Mik\u00e4 on n\u00e4kemyksesi polun p\u00e4\u00e4viesteist\u00e4? Onko jotain olennaista j\u00e4\u00e4nyt mielest\u00e4si huomaamatta? Ensimm\u00e4inen muutospolku k\u00e4sittelee arjen k\u00e4yt\u00e4nt\u00f6j\u00e4 ilmastoviisaan asumisen edist\u00e4misess\u00e4. Mellunkyl\u00e4n l\u00e4hi\u00f6 tarjoaa ilmastoviisaan arjen edist\u00e4miselle merkitt\u00e4v\u00e4n, mutta haastavan kontekstin. &nbsp; Seuraava sivu &nbsp;<\/p>\n","protected":false},"author":7,"featured_media":0,"parent":0,"menu_order":2,"comment_status":"open","ping_status":"closed","template":"","meta":{"_acf_changed":false,"footnotes":""},"class_list":["post-16","page","type-page","status-publish","hentry"],"acf":[],"_links":{"self":[{"href":"https:\/\/murrosareena.fi\/lahioareena\/wp-json\/wp\/v2\/pages\/16","targetHints":{"allow":["GET"]}}],"collection":[{"href":"https:\/\/murrosareena.fi\/lahioareena\/wp-json\/wp\/v2\/pages"}],"about":[{"href":"https:\/\/murrosareena.fi\/lahioareena\/wp-json\/wp\/v2\/types\/page"}],"author":[{"embeddable":true,"href":"https:\/\/murrosareena.fi\/lahioareena\/wp-json\/wp\/v2\/users\/7"}],"replies":[{"embeddable":true,"href":"https:\/\/murrosareena.fi\/lahioareena\/wp-json\/wp\/v2\/comments?post=16"}],"version-history":[{"count":19,"href":"https:\/\/murrosareena.fi\/lahioareena\/wp-json\/wp\/v2\/pages\/16\/revisions"}],"predecessor-version":[{"id":211,"href":"https:\/\/murrosareena.fi\/lahioareena\/wp-json\/wp\/v2\/pages\/16\/revisions\/211"}],"wp:attachment":[{"href":"https:\/\/murrosareena.fi\/lahioareena\/wp-json\/wp\/v2\/media?parent=16"}],"curies":[{"name":"wp","href":"https:\/\/api.w.org\/{rel}","templated":true}]}}

1a. Vähähiilinen arki

<p><strong>Videolla</strong> kerrotaan arjen muutospolun pääviestit. Sivun alareunasta löydät kommentti-ikkunan.</p>
<ul>
<li><span style="font-size: 1rem;"><span style="font-weight: 400;">Mikä on näkemyksesi polun pääviesteistä?</span></span></li>
<li><span style="font-size: 1rem;"><span style="font-weight: 400;">Onko jotain olennaista jäänyt mielestäsi huomaamatta?</span></span></li>
</ul>
<p>Ensimmäinen muutospolku käsittelee arjen käytäntöjä ilmastoviisaan asumisen edistämisessä. Mellunkylän lähiö tarjoaa ilmastoviisaan arjen edistämiselle merkittävän, mutta haastavan kontekstin.</p>
<div style="padding:56.25% 0 0 0;position:relative;"><iframe src="https://player.vimeo.com/video/834319835?badge=0&amp;autopause=0&amp;player_id=0&amp;app_id=58479" frameborder="0" allow="autoplay; fullscreen; picture-in-picture" allowfullscreen style="position:absolute;top:0;left:0;width:100%;height:100%;" title="Vähähiilinen arki - MP4"></iframe></div>
<p><script src="https://player.vimeo.com/api/player.js"></script></p>
<p>&nbsp;</p>
<p><a href="https://murrosareena.fi/lahioareena/kysymys-2/">Seuraava sivu</a></p>
<p>&nbsp;</p>

<p>Videolla kerrotaan arjen muutospolun pääviestit. Sivun alareunasta löydät kommentti-ikkunan. Mikä on näkemyksesi polun pääviesteistä? Onko jotain olennaista jäänyt mielestäsi huomaamatta? Ensimmäinen muutospolku käsittelee arjen käytäntöjä ilmastoviisaan asumisen edistämisessä. Mellunkylän lähiö tarjoaa ilmastoviisaan arjen edistämiselle merkittävän, mutta haastavan kontekstin. &nbsp; Seuraava sivu &nbsp;</p>
